est common factor of 136 and i.
34
Let b = 964 + -643. Let w be 4/(-14) + b/21. What is the greatest common factor of w and 5?
5
Suppose -3*t + 90 = 2*c, c - 23 = 6*t - 2*t. What is the highest common divisor of 26 and c?
13
Suppose 2*u - 50 = 5*h + 305, -5*u - 5*h = -975. What is the greatest common divisor of u and 38?
38
Let s(b) = 7*b. Let u be s(2). What is the greatest common divisor of 14 and u?
14
Suppose 0*h = h + 11. Let m = 35 + h. Let o be 2 + (-2)/1 - -60. What is the highest common factor of m and o?
12
Let x = 63 + -47. Calculate the highest common factor of 64 and x.
16
Let s = -3 - -2. Let y be 4/(-10) + (-3)/5. Let g be y*(1 - s) - -8. Calculate the highest common divisor of g and 2.
2
Suppose -3*h - 11 = -o + 4, -3*o + 59 = 5*h. Let s = 59 - 41. Calculate the highest common factor of s and o.
18
Let o = 19 + -8. Calculate the highest common factor of o and 33.
11
Let i = 9 + 6. Let x = 47 + -32. Suppose 4*g = 3*g + x. Calculate the greatest common divisor of i and g.
15
Let t be (2/2)/(1/(-5)). Let a be (t - -5) + (-8)/2. Let o be (-2)/a + 78/4. What is the greatest common divisor of 50 and o?
10
Let p(b) = -b**2 - b + 4. Let o be p(0). Let a = 10 - 6. What is the greatest common divisor of a and o?
4
Let i = -65 - -86. Let z(q) = -2*q**3 - 4*q**2 + 2*q + 7. Let r be z(-5). Calculate the greatest common divisor of i and r.
21
Let r = 8 - -40. Calculate the highest common factor of 12 and r.
12
Suppose 0*y - 3*y = -3. Let o(u) = 5*u. Let c be o(y). Suppose c*h = h + 32. What is the highest common factor of h and 40?
8
Suppose 182 = 5*h + 2*h. Calculate the greatest common divisor of h and 234.
26
Let a = 6 + -3. Suppose a*c - 385 = -2*c. Let w = 1 - -10. Calculate the greatest common divisor of w and c.
11
Let a = 14 - -9. Let c be 18/(-24) + (-1063)/(-4). Suppose -w = 4*r - c, 6*w - w = -2*r + 1271. Calculate the greatest common factor of w and a.
23
Suppose -2*h = 4, 4*z + 52 = 6*z - 4*h. What is the greatest common divisor of z and 11?
11
Let f be 56/12*(-6)/2. Let v = -5 - f. Let w(g) = g + 2. Let y be w(7). What is the highest common divisor of y and v?
9
Suppose 3*j = 3*y - 0*y + 6, -8 = 3*j + 4*y. Let r(i) = -i**2 + i + 78. Let s be r(j). Calculate the highest common divisor of s and 52.
26
Let a be (4/10)/(6/105). Calculate the greatest common divisor of a and 1.
1
Suppose -4*l + 31 + 33 = 0. Let d(r) = r**3 - 6*r**2 - r - 2. Let h be d(7). Calculate the greatest common divisor of h and l.
8
Let w(q) = -q**2 - 16*q - 12. Let j be w(-10). Calculate the greatest common divisor of j and 12.
12
Let s(l) = 15*l**2 - l + 7. Let b be s(-6). Let r = b - 336. Calculate the highest common divisor of 31 and r.
31
Suppose -5*f - 34 = -5*a - 2*f, -2*a + f = -13. Suppose -i = -4*l + 2*i + 58, -a*l + 2*i = -76. Calculate the highest common factor of l and 80.
16
Let n = -40 - -44. Let c be (5 - -1)*1/3. What is the greatest common factor of c and n?
2
Let j = -12 - -7. Let f be (1 - 3)*j/2. Suppose 2*k + k = -f*i + 120, -183 = -4*k + i. Calculate the greatest common divisor of k and 5.
5
Suppose 5*n - z - 84 = -0*n, 0 = 5*n + 5*z - 60. Calculate the highest common factor of 128 and n.
16
Let a(s) = 2*s**2 - 1. Let w be a(-1). Let q be (-1*w)/(5/(-45)). Let b be (-5)/(25/(-10)) - 1. Calculate the greatest common divisor of q and b.
1
Let c = -2 + 2. Suppose c*o + 63 = 3*o. Let q be 0 + 83 - (-2)/2. Calculate the greatest common factor of q and o.
21
Suppose 14 = 2*b - 10. Suppose 2 - b = -2*s. What is the greatest common factor of s and 40?
5
Let p be 4/2*1 + -2. Let d(o) = p*o - o + 2*o**2 - 6*o**2 + 2 - o**3. Let h be d(-4). Calculate the greatest common factor of 6 and h.
6
Let g(u) = -u**3 + 5*u**2 + 2*u - 3. Let a be g(3). Calculate the greatest common factor of a and 21.
21
Suppose 0 = -0*t - 4*t + 12. Suppose -7*s + 175 = -2*s + 4*x, t*s - 97 = -4*x. What is the highest common divisor of 13 and s?
13
Suppose h + 0*h - 256 = 0. Let u = 264 - 232. What is the highest common divisor of h and u?
32
Let w(l) = 2*l**3 + l**2 - 2. Let z be w(2). Let n be (-87)/(-5) - (-3)/5. Calculate the greatest common factor of z and n.
18
Suppose 2*i - 3*u = 49, -3*i = -4*u + 7 - 79. Let m = i - 8. Calculate the greatest common factor of 18 and m.
6
Suppose 0 = 3*n - 32 - 31. Calculate the greatest common factor of 21 and n.
21
Let i = -126 - -143. Calculate the highest common factor of 187 and i.
17
Let w(o) = o + 4. Let x(a) = -a - 1. Let b(f) = -w(f) - 3*x(f). Let u be b(-2). Let l = u - -7. What is the greatest common factor of l and 10?
2
Let y = 5 + 0. Calculate the highest common factor of y and 5.
5
Suppose -t - 1 = 0, -5*x - 3*t - 3 - 190 = 0. Let q = x + 53. Calculate the greatest common divisor of q and 60.
15
Let o(b) = -15*b**3 + b**2. Let r be o(-1). What is the highest common factor of r and 40?
8
Suppose -11 = -2*p - 1. Suppose -154 - 266 = -p*w. What is the highest common divisor of 12 and w?
12
Let q = 2 - 3. Let x(o) = o**2 - 2*o - 1. Let k be x(q). Calculate the greatest common divisor of 3 and k.
1
Let o(a) = 1 + 1 - 3. Let m(k) = -k - 2. Let i(v) = m(v) - 2*o(v). Let x be i(-1). What is the greatest common divisor of x and 7?
1
Let w be (-4)/(-18) + 88/9. Let n = w + 1. Calculate the greatest common factor of n and 1.
1
Let w(d) = 23*d + 5. Let m(r) = -23*r - 4. Let y(h) = -4*m(h) - 3*w(h). Let c be y(3). What is the highest common factor of 10 and c?
10
Let b(g) = 3*g + 41. Let f be b(-3). Calculate the highest common factor of f and 24.
8
Let w = -3 - -25. Calculate the greatest common divisor of w and 2.
2
Let b(h) = -21*h. Let o be b(-1). Suppose 2*g = -1 + o. Calculate the greatest common factor of g and 50.
10
Suppose -r - 1 = -3. Suppose r*f - 24 = 8. Suppose -4*o - 8 + 40 = 0. Calculate the highest common factor of o and f.
8
Suppose -3*o + 2*m + m = -108, 0 = -5*o - 2*m + 152. Calculate the highest common divisor of o and 16.
16
Suppose 0 = -0*n + 4*n - 140. What is the highest common factor of n and 280?
35
Let t(m) = m**3 + m**2 - m. Let s be (-4)/12*(0 + -6). Let r be t(s). Calculate the greatest common divisor of r and 70.
10
Let n be 1 + 3 + (4 - 6). Suppose 2*o = -4*w + o + 26, n*o = -5*w + 34. Let v = -24 - -36. Calculate the greatest common divisor of v and w.
6
Suppose -3*b - b - 12 = v, 12 = -2*v - 5*b. What is the greatest common divisor of v and 12?
4
Let g be ((-9)/(-1) - 1)*8. Let h(l) = -3*l - 7. Let x be h(-5). Calculate the highest common factor of g and x.
8
Let h(z) = 2*z - 1. Let d be h(4). Suppose 3 = -i - 3*c, 2*c - 4 = -2*i + 6*c. Suppose i*w + 140 = 4*w. Calculate the greatest common factor of d and w.
7
Let p(s) = s**3 - 6*s**2 - 4*s - 5. Suppose -5*o - 71 + 11 = 0. Let i = -5 - o. Let l be p(i). Calculate the highest common divisor of l and 8.
8
Let u be (12/10)/(2/20). What is the highest common factor of 24 and u?
12
Suppose -i + 5*f + 6 = -4, 2*f = -2. Let p be (-6)/(-8)*20/5. Suppose i*k + p = 8. What is the greatest common factor of 3 and k?
1
Let v = 24 + -17. What is the highest common factor of 7 and v?
7
Let y be 2 + -4 + -6 + -3. Let k = y - -6. Let j(c) = c**2 - 4*c - 3. Let d be j(k). What is the highest common factor of d and 6?
6
Suppose -3*p + 62 - 227 = 0. Let f = 165 + p. Let g = -8 - -18. What is the greatest common factor of g and f?
10
Let i = -83 - -153. Let a(c) = 4*c**2 + c + 3*c - 3*c - 2 - c**3. Let k be a(3). Calculate the greatest common factor of i and k.
10
Let o(h) = -h**3 + 5*h**2 - 2*h - 5. Let l be o(4). Calculate the highest common factor of 6 and l.
3
Suppose 5 = -3*w - 4. Let h = w + 6. Calculate the highest common factor of 3 and h.
3
Let j(p) = -2*p + 26. Let b be j(-3). Calculate the highest common factor of b and 80.
16
Suppose 5*k = k - 28. Let j = k + 7. Let s = 1 + j. What is the highest common divisor of 5 and s?
1
Let x = 123 + -106. Calculate the highest common divisor of x and 221.
17
Let b be (5*3)/((-12)/(-8)). Calculate the greatest common factor of 15 and b.
5
Let o be (3 + -8)*(-2 + -7). Calculate the highest common divisor of 15 and o.
15
Let h(n) = -11*n - 11. Let v be h(-4). Suppose 2*p + 38 = 2*i, -p + 47 = i + i. Let t = i + 0. What is the greatest common divisor of v and t?
11
Let k be (11/3)/((-1)/(-39)). Calculate the highest 